*g**t + 1 - 2*g**2 - 2 + 8*g**3 + 5*g. Determine q(m).
11
Let d(x) = -13*x - 2. Let y(v) be the third derivative of -3*v**4/8 - v**3/6 + 3*v**2. Let n(s) = -5*d(s) + 7*y(s). Determine n(-5).
-7
Suppose 5*u - 16 = 4. Let f = -23 + 27. Let d(q) = -q**2 + 10 - u*q - f*q - 14 + 5*q. What is d(-3)?
-4
Let f(y) = y**3 - y**2 + y - 2. Suppose -10*r - 51 = -201. Let g be 5*-1*(21/r + -2). Determine f(g).
19
Let u(h) = -9*h + 81. Let y be u(9). Let o(n) = 2*n - 1. Determine o(y).
-1
Let n(a) = a**3 + 6*a**2 + 5*a - 3. Let l be n(-3). Let u(d) = 5 + 10*d**3 - 18*d**3 - 3*d**2 - 3*d**2 + d + l*d**3. Determine u(6).
11
Let s = 112 - 94. Suppose 7*x = 10*x + s. Let u(y) = -y**3 - 5*y**2 + 7*y - 1. Give u(x).
-7
Suppose -14 = -6*v + 16. Let f(m) = m**2 - v + 8 - 5 - 3*m - 1. Determine f(-3).
15
Let u = -408 - -400. Let v(d) = -d**3 - 7*d**2 + 9*d + 6. Give v(u).
-2
Let r(b) be the first derivative of 12*b**2 - 4 - 2*b - 10*b**2 + 0. Let s(w) = -w - 5. Let v be s(-7). Determine r(v).
6
Let o(f) = 9*f**2 + 1. Let k be o(1). Suppose -4*z + 73 - 57 = 0. Let s(j) = k*j - 4 - 3 - z*j - 7*j. Calculate s(-5).
-2
Let h(q) = q - 2 + 4 - 2*q. Let u = -30 - -30. Determine h(u).
2
Suppose -3*b + 0 - 12 = 0. Let t(q) = -q + 1. Let s(d) = d**3 + 4*d**2 - 7*d + 2. Let v(y) = s(y) - 6*t(y). What is v(b)?
0
Let k(x) be the first derivative of x**3/3 - 2*x**2 - 4*x + 2. Suppose -4*l + 3*y = -8 - 25, 5*l + 2*y = 24. What is k(l)?
8
Let t = 48 - 55. Let w = t + 9. Let j(g) = -3*g**3 + 3*g**2 - g + 1. Give j(w).
-13
Let y be 10*((-108)/(-20) - 5). Let a(x) = x**3 - 5*x**2 - 2*x + 3. Determine a(y).
-21
Let i(q) = -q**2 + 6*q + 5. Let s(j) = -2*j + 12. Let w be s(3). Determine i(w).
5
Let x(i) = i**3 + 4*i**2 + 2*i + 6. Let g be (4 + -5)/((-2)/24). Let q = g - 9. Suppose v = -k - q*k + 12, 5*k = 5*v + 40. Give x(v).
-2
Let b(n) = -2*n - 5. Suppose 3*a + 2 = -i, -i - 4 = 3*a + a. Suppose i*d - 2*x - 2*x = -8, -3*x + 13 = -4*d. What is b(d)?
9
Let s = 253 + -259. Let p(f) = -6*f**3 - 7*f**2 - 2*f + 12. Let l(u) = 5*u**3 + 7*u**2 + 2*u - 11. Let k(d) = 5*l(d) + 4*p(d). Determine k(s).
17
Let b(r) be the first derivative of -r**4/24 - r**3/2 - r**2 - 10. Let z(n) be the second derivative of b(n). Let h(j) = j + 4. Let o be h(-4). What is z(o)?
-3
Let d(z) = -z**3 - z**2. Let a(s) = -s**3 - 8*s**2 - 6*s + 4. Let y(i) = -a(i) - d(i). Determine y(-3).
5
Suppose 4*c = -17 + 25. Let j(b) = 4*b**2 - 8*b**2 + 3*b**2 + 2*b**c - 3*b + 2. Let d = -2 + 6. Determine j(d).
6
Let r(m) = 2*m - 2. Let q(c) = -3*c + 0*c + 2 + 0. Let x(o) = -3*q(o) - 2*r(o). Let u = 225 - 223. Give x(u).
8
Let d(i) = -12*i**3 - i**2. Let l be 14/((-70)/(-15)) + -2. Calculate d(l).
-13
Let l(d) be the first derivative of -2 + 0*d**2 - 8*d + 1/3*d**3. Suppose c + 5 = -a, 3*c + 2*a - 6 + 16 = 0. Give l(c).
-8
Suppose 3*f + 3 = -0*f. Let j be (-2)/f - (6 + 2). Let a(s) be the first derivative of -s**4/4 - 5*s**3/3 + 5*s**2/2 - 3*s + 31. Determine a(j).
3
Let r(u) = -2*u**3 + 21*u**2 - 11*u + 13. Let t be r(10). Let h(v) = 2 + 6 + 136*v - t - 134*v. Give h(-5).
-5
Let j(c) be the third derivative of c**6/120 - 13*c**5/60 + 13*c**4/24 - 2*c**3/3 - 308*c**2. Calculate j(12).
8
Let p(x) = x - 6 + 1 + 10. Let l = -8 + 16. Let q = 4 - l. What is p(q)?
1
Suppose -13 = -m + 4*v, 18 = -13*m + 17*m + v. Let p(o) = 4*o - 11. Calculate p(m).
9
Let n(i) = -i**3 + 12*i**2 - 13*i - 22. Let p be n(11). Let l = -48 - p. Let k(w) = w**2 + 2*w - 5. Calculate k(l).
3
Let y(c) = 3*c**2 + 0 - c - 3 - 4*c**2. Let q = -60 + 64. Let g(u) = -u**2 - u + 17. Let w be g(q). Determine y(w).
-9
Let a = -2 - -5. Suppose -a*f = 3*b, 3*b = -f - 8 - 0. Let n = f - -2. Let w(g) = -g + 7. Calculate w(n).
1
Let g(o) = -7*o - 27. Let s(b) = 3*b + 14. Let m(i) = 2*g(i) + 5*s(i). Give m(-7).
9
Let g(p) = 24 + 9083*p - 4545*p - 4537*p. What is g(-19)?
5
Let x(f) = 3*f - 13. Suppose 0 = -220*w + 234*w - 126. What is x(w)?
14
Suppose 5 - 4 = -t. Let a be (t + 0 - -3) + -2. Suppose -q - 7 = -a*q. Let s(c) = c**2 + 8*c + 3. What is s(q)?
-4
Let w(q) = 13*q**2 - 2*q + 1. Let c be w(2). Suppose -4*u = -21 + c. Let i(h) = -h**3 - 8*h**2 - 8*h - 10. Calculate i(u).
-3
Let m(w) = -9*w + 13. Let q(f) = -5*f + 7. Let g(b) = -6*m(b) + 11*q(b). Give g(7).
-8
Let n(t) = 2*t + 9. Let h(r) = -14. Let a(g) = 2*h(g) + 3*n(g). What is a(-4)?
-25
Suppose -4*j + 8 = 0, 4*y + j = -j + 8. Let q(g) = -2*g + 2*g**2 + g**3 + g**3 + g. Let u be q(y). Let h(t) = -t + 2. What is h(u)?
-1
Let r(d) be the second derivative of 0 + 5/2*d**2 + 1/60*d**6 - 1/60*d**5 + 0*d**4 - 1/6*d**3 - 4*d. Let h(v) be the first derivative of r(v). Calculate h(2).
11
Let k(x) = 7*x**2 + 5*x - 15. Let v(j) = -j**2 + 1. Suppose 0 = -a + 1 - 2. Let c(p) = a*k(p) - 6*v(p). What is c(-7)?
-5
Let c(o) = -o**3 + 4*o**2 + 4*o + 5. Suppose 15 = 4*v - 5. What is c(v)?
0
Let h be 1 - (5 - (-24)/(-4)). Let t(d) = -h*d - 4*d + 8*d - 4*d. Determine t(-1).
2
Let v = 1 - -1. Suppose 0 = -k + 4*w - 14, -3*k - w + 5*w - 10 = 0. Let n(d) = -3*d**k - 212*d + 0*d**2 + 213*d. What is n(v)?
-10
Suppose 2*p - 6 = 0, -4*p = -1195*f + 1197*f - 6. Let y(k) = -7*k**2 - 8*k. Let z(d) = -15*d**2 - 17*d. Let a(l) = -9*y(l) + 4*z(l). What is a(f)?
15
Let a(f) be the first derivative of 1/120*f**5 + 0*f - 5/24*f**4 - 1/3*f**3 + 2 + 0*f**2. Let n(y) be the third derivative of a(y). What is n(0)?
-5
Let y(k) = -13*k**2 + k - 1. Let z(d) = -d**2 - 14*d - 17. Let b be z(-12). Suppose b = 5*m + 2*m. Determine y(m).
-13
Let k(w) = -2*w**2 + 10*w - 13. Let y(p) = p**2 + 1. Let t(n) = -k(n) - y(n). Let i be 84/9 + (-1)/3. Give t(i).
3
Let b(a) = -a**3 - 6*a**2 + a - 4. Suppose 9*x = 17*x - 24. Suppose 7*m + 24 = x*m. Give b(m).
-10
Let w(f) = 4. Let h(p) = -p**2 + 8*p + 9. Let x(n) = h(n) - 2*w(n). Determine x(8).
1
Let f(m) = 1. Let y(h) = 4*h + 3. Let o(u) = -u - 1. Let j(s) = -7*o(s) - 2*y(s). Let n(q) = f(q) - j(q). Calculate n(6).
6
Let k(v) = 3*v**2 - 2*v - 4. Let d(h) = -2*h**2 + 48*h - 48. Let q be d(1). Calculate k(q).
12
Suppose 7*i - 3*i - 2*h + 150 = 0, 153 = -4*i + 3*h. Let q = 34 + i. Let f(g) = -2*g - 2. Give f(q).
2
Let x = 29 - -14. Let i = -44 + x. Let m(k) = k**3 + 2*k**2 + k. What is m(i)?
0
Let y(r) = r**3 + 22*r**2 + 24*r + 61. Let o be y(-21). Let t(j) = j**3 - 2*j**2 - 3*j + 2*j**3 - 4*j**3. Determine t(o).
6
Let j be (18/1)/3 - -3. Let o(p) = -j + 4*p + 3 - 5*p. Let n be o(-4). Let b(s) = -s**3 + 2*s**2 + 4*s + 3. Give b(n).
11
Let b(h) = -h**2 + 2*h + 1. Let g = 201 - 202. Determine b(g).
-2
Let k(l) be the second derivative of l**4/12 - 13*l**3/6 + 4*l + 15. Give k(13).
0
Let z(o) = 2*o - o**3 - 15 - 2*o - 5*o**2 + 20 - 3*o. Let q(g) = -g**2 + 10*g + 3. Let c be q(8). Suppose r + 3*r + c = -t, -5*t = 15. Calculate z(r).
1
Let n(v) = 3*v**2 - v - 1. Let o(g) = -20*g**2 + 3*g + 5. Let i(k) = -6*n(k) - o(k). Determine i(-2).
3
Suppose 2*l + 11 = -5*k, -3*l - 3*k - 9 = 3. Let i(y) = 2*y - y**2 - 2*y + 0*y. What is i(l)?
-9
Let g be (-55)/(-15) + (-1)/(-3). Let a(n) = 2*n**2 - 4*n - 4. Let h(c) = -c**2 + 4*c + 6 + c + 0*c**2 - 1. Let v(s) = g*h(s) + 5*a(s). Calculate v(1).
6
Let y(z) = 3. Let o(u) = -u. Let n(k) = -2*o(k) - y(k). Give n(5).
7
Let s(o) = 5*o**2 - 2*o - 2. Let p be (-4)/(-10) + ((-8)/20 - 2). Calculate s(p).
22
Let u(n) = -n + 4. Let v be u(6). Let a be (-30)/4*v/3. Let m(b) be the second derivative of -b**3/6 + 5*b**2/2 + 47*b. Determine m(a).
0
Let k(i) be the third derivative of i**4/8 + 4*i**2. Suppose 0 = -5*n + 3 + 2. Suppose -1 = t + n. Give k(t).
-6
Let z(i) be the first derivative of -i**4/4 - i**3/3 - 3*i**2/2 - i - 216. Determine z(-3).
26
Let o(v) be the third derivative of -v**4/24 - 13*v**3/6 + 100*v**2. Let l(f) = -f**3 + 3*f**2 + f + 5. Let p be l(4). Give o(p).
-6
Let d(c) be the third derivative of c**6/120 + c**5/60 - c**4/12 + 7*c**3/6 - 35*c**2. Let w be d(-3). Let g(s) = -s**3 - 5*s**2 - s + 4. Determine g(w).
9
Let m(v) = -2*v - 1. Let k be ((-65)/(-105) - 4/14)*-12. Determine m(k).
7
Let v(q) = q**2 + 4*q - 5. Let c be v(0). Let n(g) = -g - g + g + 0. Calculate n(c).
5
Let h(y) = 3*y**2 - 2*y + 4. Let i(s) = 16*s**2 - 10*s + 21. Suppose -68 = 5*l + 97. Let q = -35 - l. Let d(o) = q*i(o) + 11*h(o). Calculate d(2).
2
Let k(o) = -o - 2. Let c(w) = 5*w - 26. Let p be c(-2). Let q(r) = r**3 +